. What are the prime factors of k?
3, 7
What are the prime factors of (-4608)/(-80) - 2/(-5)?
2, 29
Let d(m) = -6*m**3 - m**3 + 8*m**3. Let b be d(1). Suppose -5*o + 9 + b = 0. List the prime factors of o.
2
Suppose -86 + 526 = 5*y. List the prime factors of y.
2, 11
Let w be (-18)/(-4)*(-4)/6. Let q = 3 - w. List the prime factors of q.
2, 3
Let t(b) = -b**2 + 7*b - 7. Suppose 0 = 2*g - 3 - 7. Let j be t(g). Suppose -r - j*r = 2*i - 34, -r + 26 = 4*i. List the prime factors of r.
2, 3
Let i(j) = -j**2 + 28*j + 65. List the prime factors of i(24).
7, 23
Suppose 0*c + 4*c = 0. Suppose c*l + 4*l = 12. Suppose b + l*h = 23, 3*b - 30 = b - 2*h. List the prime factors of b.
11
Suppose -t = -3*z - z - 29, -2*z - 37 = -5*t. Let m = 16 + 24. List the prime factors of (-4)/z + m/3.
2, 7
Suppose 7*v - 4*v - 9 = 0. Let u(a) = 6*a**2 - 7*a. List the prime factors of u(v).
3, 11
Let g(j) = 4*j**2 - j + 1. List the prime factors of g(2).
3, 5
Let b = 8 + -6. Suppose 4*v + 40 = b*c, 3 + 12 = c + 3*v. What are the prime factors of c?
2, 3
Suppose 4*l = 2*l + 12. List the prime factors of l.
2, 3
Let q be (6/(-15))/(1/(-25)). Let y be -3*12/27*3. Let n = q - y. What are the prime factors of n?
2, 7
Let g(c) = -3*c**3 + 8*c**2 - 15*c - 1. Let f(r) = -2*r**3 + 5*r**2 - 10*r - 1. Let x(q) = -7*f(q) + 5*g(q). List the prime factors of x(3).
5
Let c(v) = v - 1. Let s be c(6). Let a = -13 - -45. Suppose -8 - a = -s*r. List the prime factors of r.
2
Let a(v) = -v**3 + 13*v**2 - 7*v - 10. List the prime factors of a(12).
2, 5
Let h be -2*(-1)/(6/9). Suppose 6 + 0 = h*i. What are the prime factors of 6/1*3/i?
3
Let z(i) = 0*i + i - 40*i**3 + 8*i**3. List the prime factors of z(-1).
31
Let a(b) = b + 12. Let k(x) = -3*x + 3. Let m be k(4). What are the prime factors of a(m)?
3
Let b(r) = r**3 - 9*r**2 + 6*r - 18. List the prime factors of b(9).
2, 3
Let v be 15/7 - (-1)/(-7). Suppose 4*h = -5*m + 96, h + 24 = 2*h - 3*m. Suppose 2*f - f + h = 5*i, 0 = 2*i + v*f - 12. What are the prime factors of i?
5
Suppose -2*v + 328 = 4*r, r + 0*r = 4*v - 638. What are the prime factors of v?
2, 5
Suppose -4*i - 9 = -i, -2*c = 2*i - 86. List the prime factors of c.
2, 23
Suppose -16 = -u + 5*n - 2*n, -u + 11 = -2*n. Let j = u - -29. What are the prime factors of j?
2, 3, 5
Let o(m) = m**3 + 4*m**2 - m - 1. Let h be o(-4). Let i be (-7)/h - 2/3. What are the prime factors of 31/3 + (-2)/i?
11
Let n(h) = -2 + 5*h - h - 10 + 0*h. List the prime factors of n(6).
2, 3
Let p = -4 + 31. Let m = p + 8. Suppose 6*w + 2 = 4*w + 5*h, m = 3*w + 2*h. List the prime factors of w.
3
Let d = 5 - 5. Let y = d + 2. Suppose -3*m + 2*l + 16 = 0, -y*l + 3*l = -2*m - 1. What are the prime factors of m?
2
Suppose 20 + 34 = 2*p + 2*g, 4*p - 2*g - 132 = 0. What are the prime factors of p?
31
Let k = 29 + 18. Let j = k - 27. List the prime factors of j.
2, 5
Suppose g = 4*g + 45. Let m = -5 - g. What are the prime factors of m?
2, 5
Let z(k) = -k**3 + 8*k**2 - 7*k - 5. Let u be z(6). Let t(o) = -2*o - 7. Let p be t(5). Let v = u + p. List the prime factors of v.
2
Let z = -18 - -42. Suppose 4 = 4*q + z. What are the prime factors of 2/(-1)*q + -1?
3
Suppose 5*q - d - 79 - 11 = 0, 0 = -4*q + 4*d + 72. Suppose p - 14 = q. Suppose -4*o + 0*o + p = 0. List the prime factors of o.
2
Suppose -6 = 3*s - 2*m - 2, 3*s + 5*m = 10. Let f = 2 - s. Let n = 4 + f. What are the prime factors of n?
2, 3
Let k(g) = -g - 3. Let d be k(-3). Suppose d*p = -4*p - 76. Let v = 31 + p. List the prime factors of v.
2, 3
Suppose 5*b = -4*g + 41, -3*g + 0*g - 2*b = -22. List the prime factors of (-158)/(-22) + g/(-22).
7
Let q be 0/2*(-1)/2. Suppose q = t - 2*h - 1, 3*t + 2*h - 11 = 0. List the prime factors of 1/(-3) - (-10)/t.
3
Let a(w) = w**2 + 5*w - 3. Let h be a(-5). Let l = 6 + h. Suppose -5*c + l*m = -4, -c - 2*m + m = -4. What are the prime factors of c?
2
Let c be (1 - -1)*(-5)/2. Let u = 8 + c. Suppose -4*f + u*f = -8. List the prime factors of f.
2
Suppose -3*b + 33 + 9 = 0. What are the prime factors of b?
2, 7
Suppose -3*g + 507 = -3*t, -5*g = t - 0*t - 857. Let u = g + -103. Suppose 4 = -4*q + u. List the prime factors of q.
2
Suppose x + 120 = 2*z, x - 302 = -5*z + 3*x. Suppose 4*r = -3*o + 51, -2*o + z = 5*r - 0*r. List the prime factors of r.
2, 3
Suppose 4*a + 334 = 2*r, 4*r = 2*a + 97 + 67. Let y = a + 124. What are the prime factors of y?
2, 5
Suppose 0 = -4*n - 5*y + 170, -14 = 2*n - 4*y - 86. Let h = -2 - -7. Suppose 2*c - h*c - 12 = -3*d, 0 = -4*d - 4*c + n. List the prime factors of d.
7
Let x be (-2)/(-4)*4 - -13. Let l be ((-10)/x)/(2/(-6)). Suppose -k + 5*p = -16, -l*p = 2*p + 8. What are the prime factors of k?
2, 3
Suppose 4*b - a = -0 - 2, -b - a = -2. Suppose b = -r + 12 - 1. List the prime factors of r.
11
Let o(p) = p**3 + p**2 - 1. Let w be o(-1). Let g be (2/4*-2)/w. What are the prime factors of (3 - -3) + g + 0?
7
Suppose -10 = -2*x - 3*x. Suppose -2*m + x*b + 3*b + 34 = 0, -b - 17 = -m. Let r = m - 7. List the prime factors of r.
2, 5
Let h(y) = -13*y**2 - 1. Let o be h(-1). List the prime factors of (6/7)/((-2)/o).
2, 3
Let y(g) = -g**3 - 10*g**2 + 7*g + 8. List the prime factors of y(-11).
2, 13
List the prime factors of 4/(-6)*(2 - (-766)/(-2)).
2, 127
Let m(c) = -c**2 + 8*c - 5. Let u be m(7). Suppose b - 20 = v, 2*b - 3*v - 42 = -u*v. List the prime factors of b.
2, 11
Suppose 86 = 2*i - 4*f, -3*i = 2*f + 2*f - 159. Suppose i = 5*t - 101. Suppose a + 12 = 5*a - 4*d, -5*d + t = 4*a. List the prime factors of a.
5
Suppose -4*l - 4 = 0, 5*x - 2 = -5*l + 18. List the prime factors of -8 + 6 + 2*x.
2
Suppose 3*a - 136 = -2*a + 2*m, 4*m = 2*a - 48. List the prime factors of a.
2, 7
Let k(m) = -8*m - 49. What are the prime factors of k(-20)?
3, 37
Suppose 2 = 2*k - 34. Suppose -2*j - 5*w = -65, -2*j - k + 80 = 2*w. List the prime factors of j.
2, 3, 5
Suppose -3*g + 66 = 24. What are the prime factors of g?
2, 7
Let l = -2 - -2. Suppose l*n - 21 = -3*n. List the prime factors of n.
7
Let h(m) = -4*m - 6. List the prime factors of h(-15).
2, 3
Let c(r) = 18*r - 13*r - 7*r + 2 + 1. List the prime factors of c(0).
3
Suppose 0 = x - 5*v, 0*x = 3*x - 5*v. Suppose 4*c = 3*f + 9 - 33, -2*c = x. Let i(h) = -h + 11. What are the prime factors of i(f)?
3
Suppose 3*q - q + 8 = 0. Let b be q/(-10) + 18/5. Suppose 0 = -0*u + b*u - 52. What are the prime factors of u?
13
Let q be 8/(-3)*(-3)/2. Suppose 4*k = 2*k + q. Suppose 2*c + k*c - 80 = 0. List the prime factors of c.
2, 5
Suppose -4*z + 90 = z + 5*s, -4*s = -20. Suppose 4*p - z = -5. List the prime factors of p/10 + (-88)/(-10).
3
Let n be (-1)/(-2 - 186/(-94)). Suppose 0 = -3*a - 5*c + n, -2*c - 2*c = -4*a + 116. What are the prime factors of a?
2, 3
Let d = -15 + -39. List the prime factors of ((-4)/3)/(6/d).
2, 3
Let o(b) = b**3 - 5*b**2 - 5*b + 4. Let v be o(6). Let l = 36 - v. What are the prime factors of l?
2, 13
Suppose 0*d - 3*d = 0. Suppose -5*t + n - 5*n + 131 = d, n + 55 = 2*t. List the prime factors of t.
3
Let c(r) = -11*r + 5. What are the prime factors of c(-4)?
7
Suppose 4*b - b - 33 = -j, 5*b + 25 = 0. List the prime factors of j.
2, 3
Suppose -f + 4 - 2 = 0. Suppose f*l - 3*l = -6. What are the prime factors of l?
2, 3
Suppose -h - 2*i = 3*i - 1, -5*i = 2*h - 22. Let m = 9 + h. What are the prime factors of m?
2, 3, 5
Let k be (-2)/(-13) - (-96)/52. Suppose -m = k*z - 4*z - 17, -5*m = 2*z - 49. List the prime factors of m.
11
Suppose 2*a - 5*j = 30, -j - 29 = -3*a - 2*a. Suppose 0 = 3*v - 3*n + 43 + 11, 5*v + 130 = -a*n. Let f = v + 35. List the prime factors of f.
13
Let q = -6 - -5. Let p = q - -5. List the prime factors of p.
2
Let w be 2 + -1 - (12 - 44). Let r be (1/2)/((-3)/(-132)). List the prime factors of 237/w + (-4)/r.
7
Suppose 2*i + 3*i = 5. List the prime factors of (i - (-21)/(-9))*-9.
2, 3
Let s(l) = l**3 + 6*l**2 - 6. Let i be s(-6). What are the prime factors of -10*3/i*1?
5
What are the prime factors of ((-9)/((-36)/8))/(6/183)?
61
Let r = 11 + -16. Let v be r/(-2) + 2/(-4). Suppose v*d - 20 = -2*d. What are the prime factors of d?
5
Suppose -4*j - 4 + 0 = 0. Let z be (j/(-1))/((-5)/50). What are the prime factors of (-3 - 0)*z/6?
5
Suppose -4*b + 5*c + 20 = 0, 0 = -2*b - 3*c + 3 - 15. Suppose b = -f + 5 + 1. List 